lculate 3 - (-37 + 44 - (-1 + 1 + 46 + 20)).
62
What is the value of -383 + 409 + 0 + -17 + (-10 - (8 + -5))?
-4
(-47 - -43 - 39) + 4 + 2 + (1 - 1)
-37
Evaluate -20 - (48 + -18 + -2 + -83).
35
Evaluate -1 - 8 - (-124 - (-42 + 94 - 95)).
72
Evaluate (0 - -105) + -2679 + 2615.
41
What is 11 + -39 + (67 - 14)?
25
Evaluate -48 - -69 - (4 - -33) - -53.
37
(27 - (49 - 8)) + -5 + -4 + 0
-23
2 - 30 - (81 + -116)
7
-7 + -2 + (-7 - -80) + 0 - (-28 - -24)
68
Calculate (227 + -93 - 268) + 64.
-70
Calculate -235 - (-89 + -68 + 38).
-116
0 + 40 + -8479 + 8443
4
What is -15 + (31 - ((13 - ((-11 - -35) + -5)) + 15))?
7
Evaluate -2 + (-25 - -71) + -92.
-48
(40 - 24) + -14 + 12 + 26
40
What is 500 - 475 - (-13 + 6 - 111)?
143
What is (-6 - (19 + 8) - (-15 + -4 - -17)) + -8?
-39
What is 1 + 43 + -14 + -71?
-41
Calculate 37 + (19 + -37 - 6) - (-37 + 0).
50
What is the value of 20 - 18 - 49 - (-4 + -13)?
-30
What is the value of 11 - (-3 + (-19 - -85) + (-2 - -3))?
-53
Evaluate -14 + 5 + 24 + -5 + (6 - 9 - 28).
-21
What is the value of 23 - (71 - (39 + -7))?
-16
Calculate 10 - (-1 - 14 - (29 - 37)) - -12.
29
What is the value of 2 + (5 - 6) - (28 + -84 + 46) - -146?
157
Calculate 11 - (-4 + (14 - (-11 - 32))).
-42
Evaluate -46 + (43 - 20) + 11 + 4.
-8
What is (8 - 21) + 4 + 17 + 2 + 45?
55
What is 3 + 69 - (48 + -43 + -10) - 13?
64
What is -4 + 0 - (7 + -11 + 5 + 32 - 2)?
-35
Evaluate -204 - -197 - (-1 - 2 - (-12 + 12 + 0)).
-4
Evaluate (-41 - (-32 + 12)) + 29 + 0 + 37.
45
What is 44 + (25 - 37) + 9?
41
Evaluate 148 + -159 + (-2 - 2) + 5 + 9.
-1
Calculate -137 + -16 - (-207 + 93).
-39
What is the value of (-3968 - -3887) + -2 + 151?
68
Calculate (-13 - (-4 - 13)) + 0 + 7 + (-11 - -27).
27
Evaluate 2 - 7 - (-11 - 1 - (90 + (-110 - -31))).
18
What is 22 + (26 - (-16 + (26 - 16) + 21))?
33
Evaluate (13 - -50) + 2 + -24 + 38.
79
Calculate -69 - (-1 + -47 + 61 - ((0 - -1) + 7)).
-74
What is the value of (49 - (0 + (-93 - -41))) + 22?
123
Calculate 16 + (-3 - 47) + -19 + 7.
-46
What is the value of -51 + (-3 - -22 - -35)?
3
Evaluate 49 - (-16 - (-2 - (23 - (-4 - -9)))).
45
What is the value of (74 - (-8 + 20)) + (-39 - -26) + 4?
53
(-396 - -396) + (-9 - 76) + 2
-83
Evaluate (-25 - (-10 - 5) - 15) + 15.
-10
Evaluate (-21 - 15) + 22 + 35 - -12.
33
What is -25 + -65 + 30 + 3 - 6?
-63
What is the value of (2 + 23 - 55) + -20 + 10?
-40
Calculate -36 - (40 + (60 - 42)).
-94
(-2 + 11 - (163 + -134)) + -55
-75
Calculate -42 - (20 - (80 + -35)).
-17
(-20 - -21) + 17 + 13
31
(8 - -1) + 269 + -286 + (3 - 26)
-31
What is the value of (14 - -7) + (-5 - (24 + 21 + -15))?
-14
Evaluate 87 - (281 + -87 - 49).
-58
-75 + -20 + 59 - 22
-58
What is the value of 43 - (23 + 20 + 12) - (0 - 80)?
68
What is the value of -81 + 180 + -103 + (-2 - 102)?
-108
Evaluate -7 - ((-2 - 2 - (29 + -21) - 19) + 8).
16
Calculate -14 - -2 - 0 - (53 + -73 + 36 + -25).
-3
What is 7 - (-9 - 0 - (-7 + 5 + (-29 - -10)))?
-5
What is (105 - 153) + (9 + -3 + 4 - 4)?
-42
Calculate (-25 - -79) + -14 + 15 + (-8 - (-5 - -3)).
49
What is the value of 21 + -8 - ((14 - 51) + 8)?
42
Calculate 30 + -17 + -6 + -11 - 69.
-73
Calculate -53 + 162 + (-194 - -5).
-80
5 + 3 + (8 - 8 - -14) + -11 - -14
25
22 + 0 - (1 - 3 - (-167 - -151))
8
-57 + (-11 + 4 + 5 - -17)
-42
Evaluate 2 + 2 + -58 + (-442 - -426).
-70
41 + -25 + (-15 - -32) - (0 + -4)
37
What is the value of (0 - (26 - (6 - 2))) + (-3928 - -3947)?
-3
Calculate (2 - 116) + 132 + -22 + 1.
-3
Calculate -5 + 1 + -5 + 4 + 12 + 46 + -48.
5
What is 3 + (1 - -1) + (-3 + 3 - -20) + 8?
33
What is the value of (5 - -4) + (4 + 0 + 18 - -5)?
36
What is the value of -59 + -75 + 75 - -28?
-31
0 - (-95 + -123 + 96)
122
Evaluate 1 - (-19 + 70 + 15) - -19.
-46
What is the value of -85 - (0 + (1 + 15 - 3) + (-94 - -94))?
-98
Evaluate -549 - -612 - (1 + 28).
34
Calculate -64 - (-4687 - -4685 - (14 + (-1 - -2))).
-47
What is (33 + -5 - (-12 - -3 - -2)) + (-1 - 5)?
29
What is the value of -22 + (-21 + 23 - (-1 - -1 - (38 + -28)))?
-10
Calculate 1 + -96 + (310 - 250) + -47.
-82
What is -5 + -57 + 11 + -13 - (16 + -35)?
-45
(-2 - -14 - (51 + -34)) + -5
-10
What is the value of 11 + (-22 - -28) - (29 - (-2 - 10))?
-24
Evaluate 4 + 84 + (-4297 - -4212).
3
2 - (-10 + (3 - 11) + 18 - 8) - 6
4
What is -809 - -840 - (18 + 1) - (94 - -3)?
-85
Calculate 12 - (16 - (-59 + -4) - (2 - -1)).
-64
What is the value of (-1946 - -1922) + (1 - (11 - -3) - -3)?
-34
What is the value of -3 + 12 + 3 + -1 + 80 + -155?
-64
What is the value of 485 + -528 - ((5 - 17) + 0)?
-31
What is the value of 63 - (103 + -78 - -54)?
-16
What is the value of 8 + (-40 - 7) - (-20 - 12 - -42)?
-49
What is the value of 131 - (56 + 110) - ((0 - 3) + 2 + 1)?
-35
What is (113 - 33) + -71 + -146?
-137
86 + 2 - (-4261 + 4437)
-88
Evaluate (-3 - -9) + -9 + (-25 - (1 - -2)).
-31
Calculate -21 + -19 + 23 + -15.
-32
11 + (-13 + 2 + (58 - 39) - -51)
70
Evaluate (6 + -17 - 0 - -17) + (53 - 58).
1
2 + 11 + -2 + (-1446 - -1429) + -66
-72
Evaluate ((2 - -2 - 17) + 16 - -4) + 4.
11
What is the value of (-88 - -99) + 1 + 1 + (-163 - -164)?
14
What is the value of (-18 - 7) + 42 + -22?
-5
Evaluate 0 + 51 - ((-17 - 8) + 55 + -25).
46
What is (-111 - -250) + -55 + -11?
73
What is -30 + -7 + 15 + (89 - -3)?
70
What is 33 - -2 - (8 + -3) - 22?
8
Calculate -45 - (-15 + (76 - 45)).
-61
What is the value of -1358 + 1361 + -21 + 10?
-8
Calculate 22 + (-144 + 46 - -114).
38
Calculate 18 + 5 - (11 - -43 - -10).
-41
Calculate -20 + -13 + 38 + 0 + (5 - 3 - -114).
121
Calculate -5 + -7 + -16 + 17 + 32 + -135.
-114
Evaluate -33 + (7 - (19 + -9 + 39)).
-75
What is the value of -3 + 4 - (-62 - (14 + 1 - (-6 - -27)))?
57
Evaluate -2 - (-38 + 0 - (-1 + 22 - -2)).
59
Calculate 192 + -191 - ((0 - (1 + 9)) + 3) - -5.
13
-1 + (-32 - -43 - (2 + -1)) + -5
4
What is 1228 + -1210 + -1 + 37 + 1?
55
What is 13 - (-7 - ((-55 - 1) + -75 + 70))?
-41
Calculate (136 + -147 - (2 - 21)) + -19.
-11
Calculate 5 - (-8 + 0 - (63 - (50 + 13)) - -50).
-37
200 + (-115 - -70) + 7 + -33
129
(-5 - 0) + -9 + (7 - -30) + -14
9
What is 24 + (-1 - 0 - (4 + 1 + 30 + -34))?
22
What is the value of -34 - (-14 - (-14 - (-13 + 16 + -11)))?
-26
What is -7 - (-39 + 16 + 0 - -23)?
-7
Evaluate 5 + (-7 - -14 - 25) - (-2 - 43).
32
Calculate (-9 - 19) + 33 - ((72 - (2 - 3)) + 1).
-69
Evaluate -26 + 26 - (-19 + (-1 - -24)).
-4
(3 - 4) + -327 + 292 + (-2 - -123)
85
Calculate -318 + 289 + (-3 + 6 - -101).
75
Evaluate 19 - ((6 - -1) + 12) - -88.
88
What is the value of 19 - (134 - (30 + 21))?
-64
What is the value of (-3 + -46 + -3 - (98 + -109)) + 11?
-30
-124 - -112 - (-2 + -49 + (-7 - -3))
43
Calculate -7 - ((-1 - 1) + 75 + -63) - (1 + 3).
-21
Evaluate -108 - ((27 - (-33 + 94)) + 4).
-78
Calculate 282 + -273 + (-3 + 52 - (4 + 3 + -3)).
54
What is 21 + -2 + -16 + (-10 - -19) - 59?
-47
What is 79 - (53 - -25 - 40)?
41
Calculate (-2 + 1 - 124) + (310 - 128) + -164.
-107
What is -30 - (0 - (29 - -12))?
11
Calculate -50 + 76 + -54 + 58.
30
Evaluate -1 + 67 + (19 - (3 + 5 + 34 + -21)).
64
(18 - -5) + 109 + -79 + (18 - 3)
68
What is (-2 - (-7 - 10)) + -11 + -1 + (1 - -40)?
44
Evaluate 1 - 41 - (128 + (293 - 524)).
63
Evaluate 9 + 2 - 4 - (10 - (14 - -32)).
43
55 + -86 - (-44 + -25)
38
8 - 1 - (2 - (-10 - 4) - (-55 - 16))
-80
What is the value of 74 - (-1 - -6) - (1 - ((2 - -1) + -6))?
65
Calculate 54 - (81 + -29) - -27.
29
Evaluate -293 + 364 - (48 + -15).
38
Evaluate 1 + 0 + 27 - (835 + -844).
37
Calculate 64 + -14 - 10 - (-29 - -82).
-13
Calculate 2 + 59 - ((71 - (10 - -21)) + -27).
48
What is the value of -6 - (0 + 22 + (6 - (1 + -2)))?
-35
Calculate 0 + 13 + (10 - 7) + -30 + (10 - -20).
16
Evaluate -1 + -40 + 4197 + -4205.
-49
(8 - (-19 - 6)) + -4
29
What is (-6 - (0 - 1)) + (-17 + -20 - -83)?
41
What is the value of 43 - (-61 + 37 - -83)?
-16
What is 1 + -3 + 13 + 2 + -4 + -2?
7
What is -161 + 154 + (-2 - 7)?
-16
Evaluate 1 + -49 - (28 + (-13 - 3) + -20).
-40
22 - (9 + 2 + (-19 - -10)) - 7
13
What is 2 + -91 + 40 - -55?
6
5 + 0 + 7 + -4 + -2 + 16 + -1
21
What is the value of -48 + 117 + 15 - ((1 - (-1 - -1)) + -9)?
92
What is 2 + -80 + -2593 + 2772?
101
What is the value of -129 + 119 + (12 - 0) + 6 + -6?
2
-20 - -2 - (445 + -426)
-37
Calculate 46 + (38 - (71 + 13)).
0
Calculate 47 + -81 + 26 + 5.
-3
Evaluate (